nd z.
10
Suppose -2*q + 53 = -v, 0 = 43*q - 46*q + 4*v + 92. Calculate the highest common factor of q and 12.
12
Suppose -84*z + 92*z = 208. Suppose 7*m - 5445 = -z*m. What is the highest common factor of 132 and m?
33
Let w be (7/(-4))/(99/(-361152)). What is the greatest common divisor of w and 112?
112
Suppose 2*s - 697 = -2*s - x, 169 = s + 2*x. Suppose 17*c - 651 = -s. Calculate the greatest common divisor of 14 and c.
14
Let s = 1983 + -1977. Let y(h) = -h - 1. Let j(o) = -19*o + 29. Let r(k) = -j(k) - 2*y(k). Let a be r(s). What is the highest common divisor of a and 11?
11
Let n = 11563 + -10828. Calculate the greatest common divisor of n and 255.
15
Let x(b) = b**3 - 8*b**2 + 5*b + 33. Let t be x(7). Suppose 1904 = t*m + 422. What is the greatest common divisor of 351 and m?
39
Let x(j) = 16*j + 25*j**2 + j**3 - 20*j**2 - 7 - 31*j. Let t be x(-5). Calculate the greatest common factor of 85 and t.
17
Let m = -5257 - -5333. What is the highest common divisor of m and 1178?
38
Let d be 80/(39/((-1560)/(-16))). What is the highest common divisor of 5880 and d?
40
Suppose -26*v + 2288 = -6*v - 72. Let s = 8 - 6. What is the highest common factor of v and s?
2
Let j = 9309 + -1816. Calculate the greatest common factor of 472 and j.
59
Let c(t) = -t**3 - 2*t**2 + 2*t + 2. Let j be c(-3). Let s(u) = u**3 + 3*u**2 - 4*u - 4. Let q be s(j). Calculate the highest common factor of 11 and q.
11
Let h be 4/12*(332 - 8). Let g(u) = -2*u**2 - 2*u - 4. Let q be g(-2). Let r be q/(-12)*21 + -2. Calculate the greatest common divisor of r and h.
12
Let y = 266 - 259. Suppose -y*b + 784 = -0*b. Calculate the highest common factor of b and 16.
16
Let l be (-1)/(5 + -1 - (-34460)/(-8620)). Let f = 931 + l. Calculate the highest common factor of 25 and f.
25
Suppose 5*i - 13*i = -232. Let l be (-23)/((-146)/i + 5). What is the greatest common factor of l and 23?
23
Let q be (-8)/(-28) + (1 - 3)*1888/(-14). What is the greatest common factor of 390 and q?
30
Let h(d) = -5*d + 57. Let j be h(17). Let u = j - -32. Suppose -u*p + 74 = 5*l - 2*p, -4*p = 3*l - 50. Calculate the greatest common divisor of 7 and l.
7
Suppose 0*x + 2*x + 397 = 3*b, -191 = x + b. Let o be 56/(-7) - 98 - -8. Let j = o - x. What is the highest common divisor of 12 and j?
12
Let j = 104 + -101. Suppose 5*n = -j*p + 4*p - 31, -p + 41 = -3*n. Calculate the greatest common divisor of 4 and p.
4
Let c = 11251 - 6586. Calculate the greatest common divisor of 60 and c.
15
Suppose -g + 4 = -8. Let b = 590 - 586. Let p(a) = 10*a - 32. Let r be p(b). Calculate the highest common factor of g and r.
4
Let z(h) = 2705*h + 174. Let a be z(0). What is the greatest common factor of a and 168?
6
Let x(y) = -y + 153*y**2 - 2*y - 2 - 12*y**3 + 2*y**3 - 152*y**2. Let v be x(-2). Calculate the highest common factor of v and 11.
11
Suppose -2*o - 3*a = -a - 6, 3*o - 12 = -2*a. Let l(y) = -y**3 - 131*y**2 - 338*y - 10074. Let x be l(-129). Calculate the highest common factor of x and o.
6
Let k be -2*(-84)/(-8)*-1. Suppose 5*h = f - 5, 6*h - 2*h + 4 = 5*f. Suppose f = -23*n + 20*n + 189. What is the highest common factor of k and n?
21
Let h = 62 - 38. Let v be h/(-6) + 6 - -6. Calculate the greatest common divisor of 12 and v.
4
Let c(u) = -12*u - 3. Let i be c(-3). Suppose i*d - 180 = 27*d. Calculate the highest common factor of 165 and d.
15
Let z be 1 - -950 - 1*-3 - (-76 + 68). What is the highest common factor of 468 and z?
26
Suppose 64 = 5*o + 19. Let n(r) = -r**2 + 11*r + 40. Let v be n(10). Suppose -27*b + 293 = v. Calculate the greatest common factor of o and b.
9
Let u = -35 + 37. Let k be (-7)/(-28)*8/u. Let a be 9 + 22 - k*3. Calculate the greatest common divisor of a and 7.
7
Let w(d) be the first derivative of d**3/3 + d**2/2 + 3*d - 12. Let p be w(0). Let x be (-7)/((-28)/16) + 23. What is the greatest common divisor of p and x?
3
Suppose 136 = v + 3*v. Let c = -742 - -810. What is the greatest common divisor of v and c?
34
Let u(k) = -12 + 34*k - 18 - 6. Let z = 1927 + -1921. Let b be u(z). Calculate the highest common divisor of b and 21.
21
Suppose 0 = 5*c - 5*v - 65 + 25, 3*c - v = 14. Let p be -1*c/2*-2. What is the highest common divisor of 39 and p?
3
Suppose 32*k - 23*k = -107*k + 4756. Calculate the greatest common factor of 35096 and k.
41
Suppose 22*a - 1457 = 281. What is the greatest common factor of a and 1975?
79
Suppose 88*o = 100*o - 13884. Calculate the greatest common divisor of o and 2492.
89
Let r = -11548 - -16266. What is the greatest common factor of 28 and r?
14
Suppose -v - 1 = 3*o - 2, 5*v = 4*o + 5. Suppose g - m - 2*m - 88 = o, -3*m - 170 = -2*g. Calculate the highest common divisor of g and 123.
41
Let z(l) = 6*l + 12. Let t be z(13). Let r = t + 55. Suppose 2*k = 128 - 12. Calculate the greatest common divisor of k and r.
29
Let t be 0 + 6/30*20. Let w(j) = 6*j**2 + j + 1. Let z be w(-1). Let q be (-130)/(-4) + (-3)/z. Calculate the highest common factor of t and q.
4
Suppose 39 = -5*p + 6*p. Let m be 728/p*3/2. Suppose 2*z - z - 112 = 0. Calculate the greatest common divisor of z and m.
28
Suppose -259930 = -38*y + 55645 - 19251. What is the greatest common divisor of y and 14?
14
Suppose 8*s + 89 = -2031. Let z = s - -320. Calculate the highest common factor of 25 and z.
5
Let u be (5 - 344/16)/((-2)/(-28)). Let d = 243 + u. Calculate the greatest common divisor of d and 36.
12
Let y(t) = -35 - 8 - 41 + t**3 - 45*t**2 + 2*t**2 + 44*t + 3. Let c be y(42). Calculate the greatest common factor of c and 7.
1
Let r(k) = 18*k**2 - 4*k - 2*k**3 - 844 + 3*k**3 + 792. Let z be r(-18). Calculate the greatest common factor of 100 and z.
20
Suppose 1274 = 4*k - 1666. Suppose 8*o - 708 = 5*o - 4*c, -5*c - k = -3*o. What is the greatest common divisor of 36 and o?
12
Let y be ((-9)/6)/(5/30). Let c be ((-30)/y)/((-56)/(-420)). Calculate the greatest common factor of 35 and c.
5
Let b(g) = 15*g. Let m be b(2). Let v be ((1344/m)/7)/((-2)/(-220)). Calculate the highest common divisor of v and 22.
22
Suppose -66*x - 27743 = -61617 - 69350. What is the highest common factor of 272 and x?
68
Suppose 4*x - 2*v = 26 + 30, -2*x + 26 = -2*v. What is the highest common divisor of 93 and x?
3
Let p(d) = d - 69. Let r(l) = l + 206. Let t(k) = 7*p(k) + 2*r(k). Let b = 6 - -5. Let f be t(b). Calculate the greatest common divisor of f and 98.
14
Let y(m) = 3*m - 26. Let b(f) = 2*f - 25. Let a(w) = 5*b(w) - 4*y(w). Let x = -48 - -37. Let r be a(x). What is the highest common divisor of r and 2?
1
Let b(m) = -m**2 + 101*m + 3817. Let j be b(-28). Calculate the highest common factor of 2501 and j.
41
Let f = -111 + 127. Suppose t + 3*l = f, 2*l + 16 = t + t. Let w(y) = 14*y + 26. Let n be w(6). Calculate the highest common factor of n and t.
10
Let h be (-1)/((-24)/60*5/110). Calculate the greatest common factor of 95 and h.
5
Suppose 0 = -5*k + 51 + 9. Let n(r) = r**2 - 28*r - 13. Let l be n(15). Let c = -160 - l. Calculate the greatest common divisor of c and k.
12
Suppose 5*y = -3*i + 2667, 2*y + 4*i + 2108 = 6*y. Let o = 28 + 90. What is the greatest common divisor of y and o?
59
Let g = 3058 + -3044. What is the highest common divisor of 126 and g?
14
Suppose z - 870 = -5*f, -6*f - 2599 = -3*z - 10*f. Calculate the highest common factor of z and 2249.
173
Let l = -108 - -278. Let v(x) = -x**3 - 10*x**2 - 22*x + 3. Let d be v(-7). What is the highest common divisor of l and d?
10
Let i(d) = 18*d**2 - 25*d + 32. Let l be i(4). Calculate the greatest common factor of 20 and l.
20
Let v be 2360/(-180)*(-6 - 12). What is the highest common divisor of v and 25370?
118
Suppose 845 - 3089 = -44*u. What is the highest common divisor of u and 9486?
51
Let n(v) = 98*v**3 + 4*v**2 - 165*v + 325. Let x be n(2). Calculate the highest common factor of x and 75.
15
Suppose 2*b - 14 = -4*q, 0 = 4*q - b - 7 + 2. Let o(v) = v**2 - v. Let c be o(q). Calculate the greatest common divisor of 64 and c.
2
Let d(z) = -3*z**2 - 15*z + 77. Let c be d(11). Let n = c + 514. What is the highest common divisor of n and 21?
21
Let b(r) be the second derivative of 7*r**3/6 + 3*r**2 - 7*r. Let v be b(6). Let n = v + 95. What is the greatest common divisor of n and 13?
13
Let c(l) = 1602*l - 224. Let d be c(1). What